{"id":331,"date":"2024-08-20T19:54:30","date_gmt":"2024-08-20T19:54:30","guid":{"rendered":"https:\/\/svp-birmensdorf.ch\/?post_type=event&#038;p=331"},"modified":"2024-08-20T20:21:47","modified_gmt":"2024-08-20T20:21:47","slug":"die-svp-birmensdorf-laedt-zum-grill","status":"publish","type":"event","link":"https:\/\/svp-birmensdorf.ch\/index.php\/event\/die-svp-birmensdorf-laedt-zum-grill\/","title":{"rendered":"Die SVP Birmensdorf l\u00e4dt zum Grill!"},"content":{"rendered":"<!--themify_builder_content-->\n<div id=\"themify_builder_content-331\" data-postid=\"331\" class=\"themify_builder_content themify_builder_content-331 themify_builder tf_clear\">\n                    <div  data-lazy=\"1\" class=\"module_row themify_builder_row tb_4zd7346 tb_first tf_w\">\n                        <div class=\"row_inner col_align_top tb_col_count_1 tf_box tf_rel\">\n                        <div  data-lazy=\"1\" class=\"module_column tb-column col-full tb_j6ai346 first\">\n                    <!-- module text -->\n<div  class=\"module module-text tb_4lga731   \" data-lazy=\"1\">\n        <div  class=\"tb_text_wrap\">\n        <p>Die SVP Birmensdorf l\u00e4dt sie herzlich zum diesj\u00e4hrigen Polit-Grill am Samstag, den 5.10.24, in der Waldh\u00fctte Ettenberg ein.<\/p>\n<p>Unser Gastreferent, Kantonsrat Tobias Weidmann, wird \u00fcber Migration und die Drittstaatenl\u00f6sung sprechen.<\/p>\n<p>Wurst und Getr\u00e4nke werden offeriert.<br \/>Wir w\u00fcrden uns sehr \u00fcber ein zahlreiches Erscheinen freuen!<\/p>\n<p>Was wird geboten: Ein spannendes Referat, Wurst &amp; Getr\u00e4nke<br \/>Um eine Anmeldung (Name und Anzahl Personen) wird bis 30.9.24 gebeten:<br \/><a href=\"yannik.haelg@svp-birmensdorf.ch\">yannik.haelg@svp-birmensdorf.ch<\/a> oder 076 434 22 34<\/p>\n<p>Zum Flyer gehts <a href=\"https:\/\/svp-birmensdorf.ch\/wp-content\/uploads\/2024\/08\/Grillanlass.pdf\" target=\"_blank\" rel=\"noopener\">hier<\/a>.<\/p>    <\/div>\n<\/div>\n<!-- \/module text -->        <\/div>\n                        <\/div>\n        <\/div>\n        <\/div>\n<!--\/themify_builder_content-->","protected":false},"excerpt":{"rendered":"<p>Die SVP Birmensdorf l\u00e4dt sie herzlich zum diesj\u00e4hrigen Polit-Grill am Samstag, den 5.10.24, in der Waldh\u00fctte Ettenberg ein.<\/p>\n","protected":false},"author":1,"featured_media":332,"comment_status":"open","ping_status":"closed","template":"","meta":{"inline_featured_image":false},"event-category":[],"event-tag":[],"class_list":["post-331","event","type-event","status-publish","has-post-thumbnail","hentry","has-post-title","has-post-date","has-post-category","has-post-tag","has-post-comment","has-post-author","","tep_upcoming_event"],"builder_content":"<p>Die SVP Birmensdorf l\u00e4dt sie herzlich zum diesj\u00e4hrigen Polit-Grill am Samstag, den 5.10.24, in der Waldh\u00fctte Ettenberg ein.<\/p> <p>Unser Gastreferent, Kantonsrat Tobias Weidmann, wird \u00fcber Migration und die Drittstaatenl\u00f6sung sprechen.<\/p> <p>Wurst und Getr\u00e4nke werden offeriert.<br \/>Wir w\u00fcrden uns sehr \u00fcber ein zahlreiches Erscheinen freuen!<\/p> <p>Was wird geboten: Ein spannendes Referat, Wurst &amp; Getr\u00e4nke<br \/>Um eine Anmeldung (Name und Anzahl Personen) wird bis 30.9.24 gebeten:<br \/><a href=\"yannik.haelg@svp-birmensdorf.ch\">yannik.haelg@svp-birmensdorf.ch<\/a> oder 076 434 22 34<\/p> <p>Zum Flyer gehts <a href=\"https:\/\/svp-birmensdorf.ch\/wp-content\/uploads\/2024\/08\/Grillanlass.pdf\" target=\"_blank\" rel=\"noopener\">hier<\/a>.<\/p>","_links":{"self":[{"href":"https:\/\/svp-birmensdorf.ch\/index.php\/wp-json\/wp\/v2\/event\/331","targetHints":{"allow":["GET"]}}],"collection":[{"href":"https:\/\/svp-birmensdorf.ch\/index.php\/wp-json\/wp\/v2\/event"}],"about":[{"href":"https:\/\/svp-birmensdorf.ch\/index.php\/wp-json\/wp\/v2\/types\/event"}],"author":[{"embeddable":true,"href":"https:\/\/svp-birmensdorf.ch\/index.php\/wp-json\/wp\/v2\/users\/1"}],"replies":[{"embeddable":true,"href":"https:\/\/svp-birmensdorf.ch\/index.php\/wp-json\/wp\/v2\/comments?post=331"}],"wp:featuredmedia":[{"embeddable":true,"href":"https:\/\/svp-birmensdorf.ch\/index.php\/wp-json\/wp\/v2\/media\/332"}],"wp:attachment":[{"href":"https:\/\/svp-birmensdorf.ch\/index.php\/wp-json\/wp\/v2\/media?parent=331"}],"wp:term":[{"taxonomy":"event-category","embeddable":true,"href":"https:\/\/svp-birmensdorf.ch\/index.php\/wp-json\/wp\/v2\/event-category?post=331"},{"taxonomy":"event-tag","embeddable":true,"href":"https:\/\/svp-birmensdorf.ch\/index.php\/wp-json\/wp\/v2\/event-tag?post=331"}],"curies":[{"name":"wp","href":"https:\/\/api.w.org\/{rel}","templated":true}]}}

Die SVP Birmensdorf lädt zum Grill!

<!--themify_builder_content-->
<div id="themify_builder_content-331" data-postid="331" class="themify_builder_content themify_builder_content-331 themify_builder tf_clear">
                    <div  data-lazy="1" class="module_row themify_builder_row tb_4zd7346 tb_first tf_w">
                        <div class="row_inner col_align_top tb_col_count_1 tf_box tf_rel">
                        <div  data-lazy="1" class="module_column tb-column col-full tb_j6ai346 first">
                    <!-- module text -->
<div  class="module module-text tb_4lga731   " data-lazy="1">
        <div  class="tb_text_wrap">
        <p>Die SVP Birmensdorf lädt sie herzlich zum diesjährigen Polit-Grill am Samstag, den 5.10.24, in der Waldhütte Ettenberg ein.</p>
<p>Unser Gastreferent, Kantonsrat Tobias Weidmann, wird über Migration und die Drittstaatenlösung sprechen.</p>
<p>Wurst und Getränke werden offeriert.<br />Wir würden uns sehr über ein zahlreiches Erscheinen freuen!</p>
<p>Was wird geboten: Ein spannendes Referat, Wurst &amp; Getränke<br />Um eine Anmeldung (Name und Anzahl Personen) wird bis 30.9.24 gebeten:<br /><a href="yannik.haelg@svp-birmensdorf.ch">yannik.haelg@svp-birmensdorf.ch</a> oder 076 434 22 34</p>
<p>Zum Flyer gehts <a href="https://svp-birmensdorf.ch/wp-content/uploads/2024/08/Grillanlass.pdf" target="_blank" rel="noopener">hier</a>.</p>    </div>
</div>
<!-- /module text -->        </div>
                        </div>
        </div>
        </div>
<!--/themify_builder_content-->

<p>Die SVP Birmensdorf lädt sie herzlich zum diesjährigen Polit-Grill am Samstag, den 5.10.24, in der Waldhütte Ettenberg ein.</p>

<p>Die SVP Birmensdorf lädt sie herzlich zum diesjährigen Polit-Grill am Samstag, den 5.10.24, in der Waldhütte Ettenberg ein.</p> <p>Unser Gastreferent, Kantonsrat Tobias Weidmann, wird über Migration und die Drittstaatenlösung sprechen.</p> <p>Wurst und Getränke werden offeriert.<br />Wir würden uns sehr über ein zahlreiches Erscheinen freuen!</p> <p>Was wird geboten: Ein spannendes Referat, Wurst &amp; Getränke<br />Um eine Anmeldung (Name und Anzahl Personen) wird bis 30.9.24 gebeten:<br /><a href="yannik.haelg@svp-birmensdorf.ch">yannik.haelg@svp-birmensdorf.ch</a> oder 076 434 22 34</p> <p>Zum Flyer gehts <a href="https://svp-birmensdorf.ch/wp-content/uploads/2024/08/Grillanlass.pdf" target="_blank" rel="noopener">hier</a>.</p>
